{"id":21113,"date":"2021-05-16T07:40:34","date_gmt":"2021-05-16T07:40:34","guid":{"rendered":"https:\/\/sim-tailleur-pierre-notre-dame-paris-monuments-historiques.fr\/?page_id=21113"},"modified":"2025-05-24T10:01:56","modified_gmt":"2025-05-24T08:01:56","slug":"tailleurs-pierre-monuments-historiques","status":"publish","type":"page","link":"https:\/\/sim-tailleur-pierre-notre-dame-paris-monuments-historiques.fr\/index.php\/tailleurs-pierre-monuments-historiques\/","title":{"rendered":"Les m\u00e9tiers"},"content":{"rendered":"<div class=\"wpb-content-wrapper\"><p>[vc_row dfd_enable_overlay=\u00a0\u00bb\u00a0\u00bb anchor=\u00a0\u00bbteam\u00a0\u00bb][vc_column]<div class=\"dfd-spacer-module\"  data-units=\"px\" data-wide_resolution=\"1280\" data-wide_size=\"50\" data-normal_resolution=\"1024\" data-normal_size=\"50\" data-tablet_resolution=\"800\" data-tablet_size=\"30\" data-mobile_resolution=\"480\" data-mobile_size=\"20\" style=\"height: 50px;\"><\/div><div class=\"dfd-heading-shortcode\"><div class=\"dfd-heading-module-wrap  text-right style_01 cr-animate-gen dfd-heading-69f5ec871b2d6 dfd-disable-resposive-headings\" id=\"dfd-heading-69f5ec871b2d6\" data-animate-type = \"transition.expandIn\" ><div class=\"inline-block\"><div class=\"dfd-heading-module\"><h3 class=\"widget-title dfd-title \" style=\"\"><span style=\"color: #ffffff;\">tailleurs pierre monuments historiques<\/span><\/p>\n<p>Les m\u00e9tiers <span class=\"dfd-big-number-responcive\" style=\"color: #f9593e; font-size: 150px;\">.<\/span><span class=\"dfd-big-number-responcive\" style=\"color: #e5e5e5; font-size: 150px;\">03<\/span><\/p>\n<p><span style=\"color: #ffffff;\">\u00a0<\/span><\/p>\n<p>&nbsp;<\/p>\n<p><\/h3><\/div><\/div><\/div><script type=\"text\/javascript\">\r\n\t\t\t\t\t\t\t\t\t(function($) {\r\n\t\t\t\t\t\t\t\t\t\t$(\"head\").append(\"<style>.dfd-heading-69f5ec871b2d6.dfd-heading-module-wrap .dfd-heading-module .dfd-heading-delimiter {margin-top:10px;margin-bottom:10px;}@media (max-width: 799px){.dfd-heading-69f5ec871b2d6 .dfd-title{font-size: 28px !important;}}@media only screen and (max-width: 799px) {.dfd-heading-69f5ec871b2d6 {text-align: left;}}<\/style>\");\r\n\t\t\t\t\t\t\t\t\t})(jQuery);\r\n\t\t\t\t\t\t\t\t<\/script><\/div>[\/vc_column][\/vc_row][vc_row dfd_bg_style=\u00a0\u00bbimage\u00a0\u00bb dfd_parallax_style=\u00a0\u00bbdfd_animated_bg\u00a0\u00bb dfd_bg_image_new=\u00a0\u00bb21276&Prime; dfd_bg_image_size=\u00a0\u00bbmanual\u00a0\u00bb dfd_bg_image_manual_size=\u00a0\u00bbauto 100%\u00a0\u00bb dfd_parallax_sense=\u00a0\u00bb90&Prime; dfd_animation_direction=\u00a0\u00bbleft\u00a0\u00bb dfd_enable_overlay=\u00a0\u00bb\u00a0\u00bb dfd_row_responsive_enable=\u00a0\u00bbdfd-row-responsive-enable\u00a0\u00bb responsive_styles=\u00a0\u00bbpadding_left_desktop:20|padding_right_desktop:20&Prime;][vc_column dfd_column_responsive_enable=\u00a0\u00bbdfd-column-responsive-enable\u00a0\u00bb col_shadow=\u00a0\u00bbbox_shadow_enable:disable|shadow_horizontal:0|shadow_vertical:15|shadow_blur:50|shadow_spread:0|box_shadow_color:rgba(0%2C0%2C0%2C0.35)\u00a0\u00bb col_shadow_hover=\u00a0\u00bbbox_shadow_enable:disable|shadow_horizontal:0|shadow_vertical:15|shadow_blur:50|shadow_spread:0|box_shadow_color:rgba(0%2C0%2C0%2C0.35)\u00a0\u00bb responsive_styles=\u00a0\u00bbpadding_left_tablet:30|padding_right_tablet:30|padding_left_mobile:30|padding_right_mobile:30&Prime;][vc_row_inner][vc_column_inner width=\u00a0\u00bb1\/2&Prime;]<div class=\"dfd-animated-text-wrap\" id=\"dfd-animated-text-69f5ec871b4c5\"><div class=\"dfd-animated-text-block  cr-animate-gen text-left\"  data-animate-type=\"transition.expandIn\" ><span class=\"dfd-anim-prefix \">VOUS \u00caTES<\/span><span class=\"dfd-animate-text\"><span class=\"dfd-animated-text-string  typed\" data-remove-hover=\"true\" data-lang=\"en\" data-id=\"1\" data-load=\"onload\" style=\"color: #f9593e;\">TAILLEURS DE PIERRE<\/span><span class=\"dfd-animated-text-string  typed\" data-remove-hover=\"true\" data-lang=\"en\" data-id=\"2\" data-load=\"onload\" style=\"color: #f9593e;\">SCULPTEURS<\/span><span class=\"dfd-animated-text-string  typed\" data-remove-hover=\"true\" data-lang=\"en\" data-id=\"3\" data-load=\"onload\" style=\"color: #f9593e;\">STAFFEURS<\/span><span class=\"dfd-animated-text-string  typed\" data-remove-hover=\"true\" data-lang=\"en\" data-id=\"4\" data-load=\"onload\" style=\"color: #f9593e;\">PL\u00c2TRIERS<\/span><span class=\"dfd-animated-text-string  typed\" data-remove-hover=\"true\" data-lang=\"en\" data-id=\"5\" data-load=\"onload\" style=\"color: #f9593e;\">D\u00c9CORATEURS<\/span><span class=\"dfd-animated-text-string  typed\" data-remove-hover=\"true\" data-lang=\"en\" data-id=\"6\" data-load=\"onload\" style=\"color: #f9593e;\">FERRONNIERS<\/span><span class=\"dfd-animated-text-string  typed\" data-remove-hover=\"true\" data-lang=\"en\" data-id=\"7\" data-load=\"onload\" style=\"color: #f9593e;\">PEINTRE D\u00c9CORATEUR<\/span><span class=\"dfd-animated-text-string  typed\" data-remove-hover=\"true\" data-lang=\"en\" data-id=\"8\" data-load=\"onload\" style=\"color: #f9593e;\">MARBRIER<\/span><\/span><span class=\"dfd-animate-me\"><\/span><\/div><script type=\"text\/javascript\">\r\n\t\t\t\t\t\t\t\t\t(function($) {$(document).ready(function() {$(\"#dfd-animated-text-69f5ec871b4c5 .dfd-animate-me\").typed({\r\n\t\t\t\t\t\t\t\t\t\tstringsElement: $(\"#dfd-animated-text-69f5ec871b4c5 .dfd-animate-text\"),showCursor: true,loop: true,typeSpeed: 10\r\n\t\t\t\t\t\t\t\t\t});});$(\"head\").append(\"<style>#dfd-animated-text-69f5ec871b4c5.dfd-animated-text-wrap .dfd-animated-text-block span.dfd-animate-text span, #dfd-animated-text-69f5ec871b4c5.dfd-animated-text-wrap .dfd-animated-text-block span.dfd-animate-me {font-size: 32px; }#dfd-animated-text-69f5ec871b4c5.dfd-animated-text-wrap .dfd-animated-text-block span, #dfd-animated-text-69f5ec871b4c5.dfd-animated-text-wrap .dfd-animated-text-block span {font-size: 32px; }@media (max-width: 799px){#dfd-animated-text-69f5ec871b4c5.dfd-animated-text-wrap .dfd-animated-text-block span.dfd-animate-text, #dfd-animated-text-69f5ec871b4c5.dfd-animated-text-wrap .dfd-animated-text-block span.dfd-animate-text span, #dfd-animated-text-69f5ec871b4c5.dfd-animated-text-wrap .dfd-animated-text-block span.dfd-animate-me, #dfd-animated-text-69f5ec871b4c5.dfd-animated-text-wrap .dfd-animated-text-block span.typed-cursor{font-size: 20px !important;line-height: 40px !important;}}@media (max-width: 799px){#dfd-animated-text-69f5ec871b4c5.dfd-animated-text-wrap .dfd-animated-text-block span.dfd-anim-prefix, #dfd-animated-text-69f5ec871b4c5.dfd-animated-text-wrap .dfd-animated-text-block span.dfd-anim-postfix{font-size: 20px !important;line-height: 40px !important;}}<\/style>\")\r\n\t\t\t\t\t\t\t\t\t})(jQuery);\r\n\t\t\t\t\t\t\t\t<\/script><\/div>[\/vc_column_inner][vc_column_inner width=\u00a0\u00bb1\/2&Prime;]<div class=\"dfd-spacer-module\"  data-units=\"px\" data-wide_resolution=\"1280\" data-wide_size=\"50\" data-normal_resolution=\"1024\" data-normal_size=\"50\" data-tablet_resolution=\"800\" data-tablet_size=\"50\" data-mobile_resolution=\"480\" data-mobile_size=\"50\" style=\"height: 50px;\"><\/div>[\/vc_column_inner][\/vc_row_inner][vc_row_inner][vc_column_inner width=\u00a0\u00bb1\/4&Prime;]<div class=\"dfd-team-member layout-06  cr-animate-gen dfd-img-lazy-load\" data-animate-type = \"transition.expandIn\" ><div class=\"image-wrap\"><img loading=\"lazy\" decoding=\"async\" src=\"data:image\/svg+xml;charset=utf-8,%3Csvg xmlns%3D'http%3A%2F%2Fwww.w3.org%2F2000%2Fsvg' viewBox%3D'0 0 800 1100'%2F%3E\" data-src=\"https:\/\/sim-tailleur-pierre-notre-dame-paris-monuments-historiques.fr\/wp-content\/uploads\/2025\/05\/sim-tailleur-pierre-notre-dame-paris-monuments-historiques-31-745x1024-800x1100.jpg\" alt=\"Image\"  width=\"800\" height=\"1100\" class=\"team-member-photo \"  \/><div class=\"overlay\" style=\"background-color:rgba(249,89,62,0.8);\"><\/div><div class=\"title-wrap\"><div class=\"team-member-title feature-title\" style=\"font-size: 20px; line-height: 30px; \">TAILLEUR DE PIERRE<\/div><div class=\"team-member-subtitle subtitle\" style=\"font-size: 15px; \">STONE CUTTER<\/div><div class=\"wrap-delimiter\"><div class=\"delimiter\" ><\/div><\/div><\/div><\/div><div class=\"content-wrap\"><div class=\"team-member-description\" style=\"line-height: 27px; \"><\/div><\/div><\/div>[\/vc_column_inner][vc_column_inner width=\u00a0\u00bb1\/4&Prime;]<div class=\"dfd-team-member layout-06  cr-animate-gen dfd-img-lazy-load\" data-animate-type = \"transition.expandIn\" ><div class=\"image-wrap\"><img loading=\"lazy\" decoding=\"async\" src=\"data:image\/svg+xml;charset=utf-8,%3Csvg xmlns%3D'http%3A%2F%2Fwww.w3.org%2F2000%2Fsvg' viewBox%3D'0 0 800 1100'%2F%3E\" data-src=\"https:\/\/sim-tailleur-pierre-notre-dame-paris-monuments-historiques.fr\/wp-content\/uploads\/2025\/05\/sim-tailleur-pierre-notre-dame-paris-monuments-historiques-29-745x1024-800x1100.jpg\" alt=\"Image\"  width=\"800\" height=\"1100\" class=\"team-member-photo \"  \/><div class=\"overlay\" style=\"background-color:rgba(249,89,62,0.8);\"><\/div><div class=\"title-wrap\"><div class=\"team-member-title feature-title\" style=\"font-size: 20px; line-height: 30px; \">FERRONNIER<\/div><div class=\"team-member-subtitle subtitle\" style=\"font-size: 15px; \">IRON WORKER<\/div><div class=\"wrap-delimiter\"><div class=\"delimiter\" ><\/div><\/div><\/div><\/div><div class=\"content-wrap\"><div class=\"team-member-description\" style=\"line-height: 27px; \"><\/div><\/div><\/div>[\/vc_column_inner][vc_column_inner width=\u00a0\u00bb1\/4&Prime;]<div class=\"dfd-team-member layout-06  cr-animate-gen dfd-img-lazy-load\" data-animate-type = \"transition.expandIn\" ><div class=\"image-wrap\"><img loading=\"lazy\" decoding=\"async\" src=\"data:image\/svg+xml;charset=utf-8,%3Csvg xmlns%3D'http%3A%2F%2Fwww.w3.org%2F2000%2Fsvg' viewBox%3D'0 0 800 1100'%2F%3E\" data-src=\"https:\/\/sim-tailleur-pierre-notre-dame-paris-monuments-historiques.fr\/wp-content\/uploads\/2025\/05\/sim-tailleur-pierre-notre-dame-paris-monuments-historiques-26-745x1024-800x1100.jpg\" alt=\"Image\"  width=\"800\" height=\"1100\" class=\"team-member-photo \"  \/><div class=\"overlay\" style=\"background-color:rgba(249,89,62,0.8);\"><\/div><div class=\"title-wrap\"><div class=\"team-member-title feature-title\" style=\"font-size: 20px; line-height: 30px; \">SCULPTEUR<\/div><div class=\"team-member-subtitle subtitle\" style=\"font-size: 15px; \">SCULPTOR<\/div><div class=\"wrap-delimiter\"><div class=\"delimiter\" ><\/div><\/div><\/div><\/div><div class=\"content-wrap\"><div class=\"team-member-description\" style=\"line-height: 27px; \"><\/div><\/div><\/div>[\/vc_column_inner][vc_column_inner width=\u00a0\u00bb1\/4&Prime;]<div class=\"dfd-team-member layout-06  cr-animate-gen dfd-img-lazy-load\" data-animate-type = \"transition.expandIn\" ><div class=\"image-wrap\"><img loading=\"lazy\" decoding=\"async\" src=\"data:image\/svg+xml;charset=utf-8,%3Csvg xmlns%3D'http%3A%2F%2Fwww.w3.org%2F2000%2Fsvg' viewBox%3D'0 0 800 1100'%2F%3E\" data-src=\"https:\/\/sim-tailleur-pierre-notre-dame-paris-monuments-historiques.fr\/wp-content\/uploads\/2025\/05\/sim-tailleur-pierre-notre-dame-paris-monuments-historiques-32-745x1024-800x1100.jpg\" alt=\"Image\"  width=\"800\" height=\"1100\" class=\"team-member-photo \"  \/><div class=\"overlay\" style=\"background-color:rgba(249,89,62,0.8);\"><\/div><div class=\"title-wrap\"><div class=\"team-member-title feature-title\" style=\"font-size: 20px; line-height: 30px; \">D\u00c9CORATEUR<\/div><div class=\"team-member-subtitle subtitle\" style=\"font-size: 15px; \">DECORATOR<\/div><div class=\"wrap-delimiter\"><div class=\"delimiter\" ><\/div><\/div><\/div><\/div><div class=\"content-wrap\"><div class=\"team-member-description\" style=\"line-height: 27px; \"><\/div><\/div><\/div>[\/vc_column_inner][\/vc_row_inner]<div class=\"dfd-spacer-module\"  data-units=\"px\" data-wide_resolution=\"1280\" data-wide_size=\"50\" data-normal_resolution=\"1024\" data-normal_size=\"50\" data-tablet_resolution=\"800\" data-tablet_size=\"30\" data-mobile_resolution=\"480\" data-mobile_size=\"20\" style=\"height: 50px;\"><\/div>[vc_row_inner][vc_column_inner width=\u00a0\u00bb1\/4&Prime;]<div class=\"dfd-team-member layout-06  cr-animate-gen dfd-img-lazy-load\" data-animate-type = \"transition.expandIn\" ><div class=\"image-wrap\"><img loading=\"lazy\" decoding=\"async\" src=\"data:image\/svg+xml;charset=utf-8,%3Csvg xmlns%3D'http%3A%2F%2Fwww.w3.org%2F2000%2Fsvg' viewBox%3D'0 0 800 1100'%2F%3E\" data-src=\"https:\/\/sim-tailleur-pierre-notre-dame-paris-monuments-historiques.fr\/wp-content\/uploads\/2025\/05\/sim-tailleur-pierre-notre-dame-paris-monuments-historiques-30-745x1024-800x1100.jpg\" alt=\"Image\"  width=\"800\" height=\"1100\" class=\"team-member-photo \"  \/><div class=\"overlay\" style=\"background-color:rgba(249,89,62,0.8);\"><\/div><div class=\"title-wrap\"><div class=\"team-member-title feature-title\" style=\"font-size: 20px; line-height: 30px; \">STAFFEUR<\/div><div class=\"team-member-subtitle subtitle\" style=\"font-size: 15px; \">STAFFER<\/div><div class=\"wrap-delimiter\"><div class=\"delimiter\" ><\/div><\/div><\/div><\/div><div class=\"content-wrap\"><div class=\"team-member-description\" style=\"line-height: 27px; \"><\/div><\/div><\/div>[\/vc_column_inner][vc_column_inner width=\u00a0\u00bb1\/4&Prime;]<div class=\"dfd-team-member layout-06  cr-animate-gen dfd-img-lazy-load\" data-animate-type = \"transition.expandIn\" ><div class=\"image-wrap\"><img loading=\"lazy\" decoding=\"async\" src=\"data:image\/svg+xml;charset=utf-8,%3Csvg xmlns%3D'http%3A%2F%2Fwww.w3.org%2F2000%2Fsvg' viewBox%3D'0 0 800 1100'%2F%3E\" data-src=\"https:\/\/sim-tailleur-pierre-notre-dame-paris-monuments-historiques.fr\/wp-content\/uploads\/2025\/05\/sim-tailleur-pierre-notre-dame-paris-monuments-historiques-28-745x1024-800x1100.jpg\" alt=\"Image\"  width=\"800\" height=\"1100\" class=\"team-member-photo \"  \/><div class=\"overlay\" style=\"background-color:rgba(249,89,62,0.8);\"><\/div><div class=\"title-wrap\"><div class=\"team-member-title feature-title\" style=\"font-size: 20px; line-height: 30px; \">PL\u00c2TRIER<\/div><div class=\"team-member-subtitle subtitle\" style=\"font-size: 15px; \">PLASTERERS<\/div><div class=\"wrap-delimiter\"><div class=\"delimiter\" ><\/div><\/div><\/div><\/div><div class=\"content-wrap\"><div class=\"team-member-description\" style=\"line-height: 27px; \"><\/div><\/div><\/div>[\/vc_column_inner][vc_column_inner width=\u00a0\u00bb1\/4&Prime;]<div class=\"dfd-team-member layout-06  cr-animate-gen dfd-img-lazy-load\" data-animate-type = \"transition.expandIn\" ><div class=\"image-wrap\"><img loading=\"lazy\" decoding=\"async\" src=\"data:image\/svg+xml;charset=utf-8,%3Csvg xmlns%3D'http%3A%2F%2Fwww.w3.org%2F2000%2Fsvg' viewBox%3D'0 0 800 1100'%2F%3E\" data-src=\"https:\/\/sim-tailleur-pierre-notre-dame-paris-monuments-historiques.fr\/wp-content\/uploads\/2025\/05\/sim-tailleur-pierre-notre-dame-paris-monuments-historiques-27-745x1024-800x1100.jpg\" alt=\"Image\"  width=\"800\" height=\"1100\" class=\"team-member-photo \"  \/><div class=\"overlay\" style=\"background-color:rgba(249,89,62,0.8);\"><\/div><div class=\"title-wrap\"><div class=\"team-member-title feature-title\" style=\"font-size: 20px; line-height: 30px; \">MARBRIER<\/div><div class=\"team-member-subtitle subtitle\" style=\"font-size: 15px; \">MARBLE WORKER<\/div><div class=\"wrap-delimiter\"><div class=\"delimiter\" ><\/div><\/div><\/div><\/div><div class=\"content-wrap\"><div class=\"team-member-description\" style=\"line-height: 27px; \"><\/div><\/div><\/div>[\/vc_column_inner][vc_column_inner width=\u00a0\u00bb1\/4&Prime;]<div class=\"dfd-team-member layout-06  cr-animate-gen dfd-img-lazy-load\" data-animate-type = \"transition.expandIn\" ><div class=\"image-wrap\"><img loading=\"lazy\" decoding=\"async\" src=\"data:image\/svg+xml;charset=utf-8,%3Csvg xmlns%3D'http%3A%2F%2Fwww.w3.org%2F2000%2Fsvg' viewBox%3D'0 0 800 1100'%2F%3E\" data-src=\"https:\/\/sim-tailleur-pierre-notre-dame-paris-monuments-historiques.fr\/wp-content\/uploads\/2025\/05\/sim-tailleur-pierre-notre-dame-paris-monuments-historiques-25-745x1024-800x1100.jpg\" alt=\"Image\"  width=\"800\" height=\"1100\" class=\"team-member-photo \"  \/><div class=\"overlay\" style=\"background-color:rgba(249,89,62,0.8);\"><\/div><div class=\"title-wrap\"><div class=\"team-member-title feature-title\" style=\"font-size: 20px; line-height: 30px; \">PEINTRE D\u00c9CORATEUR<\/div><div class=\"team-member-subtitle subtitle\" style=\"font-size: 15px; \">DECORATIVE PAINTER<\/div><div class=\"wrap-delimiter\"><div class=\"delimiter\" ><\/div><\/div><\/div><\/div><div class=\"content-wrap\"><div class=\"team-member-description\" style=\"line-height: 27px; \"><\/div><\/div><\/div>[\/vc_column_inner][\/vc_row_inner]<div class=\"dfd-spacer-module\"  data-units=\"px\" data-wide_resolution=\"1280\" data-wide_size=\"50\" data-normal_resolution=\"1024\" data-normal_size=\"50\" data-tablet_resolution=\"800\" data-tablet_size=\"30\" data-mobile_resolution=\"480\" data-mobile_size=\"20\" style=\"height: 50px;\"><\/div><div class=\"dfd-heading-shortcode\"><div class=\"dfd-heading-module-wrap  text-center style_01 dfd-heading-69f5ec871dd68 dfd-disable-resposive-headings\" id=\"dfd-heading-69f5ec871dd68\" ><div class=\"inline-block\"><div class=\"dfd-heading-module\"><h2 class=\"widget-title dfd-title \" style=\"color: #ffffff !important; letter-spacing: 5px; \"><\/p>\n<h2><span style=\"color: #ffffff;\">tailleurs pierre monuments historiques<\/span><\/h2>\n<p><\/h2><\/div><\/div><\/div><script type=\"text\/javascript\">\r\n\t\t\t\t\t\t\t\t\t(function($) {\r\n\t\t\t\t\t\t\t\t\t\t$(\"head\").append(\"<style>.dfd-heading-69f5ec871dd68.dfd-heading-module-wrap .dfd-heading-module .dfd-heading-delimiter {margin-top:10px;margin-bottom:10px;}<\/style>\");\r\n\t\t\t\t\t\t\t\t\t})(jQuery);\r\n\t\t\t\t\t\t\t\t<\/script><\/div>[\/vc_column][\/vc_row]<\/p>\n<\/div>","protected":false},"excerpt":{"rendered":"<p>[vc_row dfd_enable_overlay=\u00a0\u00bb\u00a0\u00bb anchor=\u00a0\u00bbteam\u00a0\u00bb][vc_column][\/vc_column][\/vc_row][vc_row dfd_bg_style=\u00a0\u00bbimage\u00a0\u00bb dfd_parallax_style=\u00a0\u00bbdfd_animated_bg\u00a0\u00bb dfd_bg_image_new=\u00a0\u00bb21276&Prime; dfd_bg_image_size=\u00a0\u00bbmanual\u00a0\u00bb dfd_bg_image_manual_size=\u00a0\u00bbauto 100%\u00a0\u00bb dfd_parallax_sense=\u00a0\u00bb90&Prime; dfd_animation_direction=\u00a0\u00bbleft\u00a0\u00bb dfd_enable_overlay=\u00a0\u00bb\u00a0\u00bb dfd_row_responsive_enable=\u00a0\u00bbdfd-row-responsive-enable\u00a0\u00bb responsive_styles=\u00a0\u00bbpadding_left_desktop:20|padding_right_desktop:20&Prime;][vc_column dfd_column_responsive_enable=\u00a0\u00bbdfd-column-responsive-enable\u00a0\u00bb col_shadow=\u00a0\u00bbbox_shadow_enable:disable|shadow_horizontal:0|shadow_vertical:15|shadow_blur:50|shadow_spread:0|box_shadow_color:rgba(0%2C0%2C0%2C0.35)\u00a0\u00bb col_shadow_hover=\u00a0\u00bbbox_shadow_enable:disable|shadow_horizontal:0|shadow_vertical:15|shadow_blur:50|shadow_spread:0|box_shadow_color:rgba(0%2C0%2C0%2C0.35)\u00a0\u00bb responsive_styles=\u00a0\u00bbpadding_left_tablet:30|padding_right_tablet:30|padding_left_mobile:30|padding_right_mobile:30&Prime;][vc_row_inner][vc_column_inner width=\u00a0\u00bb1\/2&Prime;][\/vc_column_inner][vc_column_inner width=\u00a0\u00bb1\/2&Prime;][\/vc_column_inner][\/vc_row_inner][vc_row_inner][vc_column_inner width=\u00a0\u00bb1\/4&Prime;][\/vc_column_inner][vc_column_inner width=\u00a0\u00bb1\/4&Prime;][\/vc_column_inner][vc_column_inner width=\u00a0\u00bb1\/4&Prime;][\/vc_column_inner][vc_column_inner width=\u00a0\u00bb1\/4&Prime;][\/vc_column_inner][\/vc_row_inner][vc_row_inner][vc_column_inner width=\u00a0\u00bb1\/4&Prime;][\/vc_column_inner][vc_column_inner width=\u00a0\u00bb1\/4&Prime;][\/vc_column_inner][vc_column_inner width=\u00a0\u00bb1\/4&Prime;][\/vc_column_inner][vc_column_inner width=\u00a0\u00bb1\/4&Prime;][\/vc_column_inner][\/vc_row_inner][\/vc_column][\/vc_row]<\/p>\n","protected":false},"author":1,"featured_media":0,"parent":0,"menu_order":0,"comment_status":"closed","ping_status":"closed","template":"page-custom.php","meta":{"_monsterinsights_skip_tracking":false,"_monsterinsights_sitenote_active":false,"_monsterinsights_sitenote_note":"","_monsterinsights_sitenote_category":0,"footnotes":""},"class_list":["post-21113","page","type-page","status-publish","hentry"],"yoast_head":"<!-- This site is optimized with the Yoast SEO plugin v25.1 - https:\/\/yoast.com\/wordpress\/plugins\/seo\/ -->\n<title>SIM Paris 12 tailleurs pierre monuments historiques emploi int\u00e9rim<\/title>\n<meta name=\"description\" content=\"SIM tailleurs de pierre notre Dame de Paris monuments historiques emploi Paris 12 sculpteurs d\u00e9corateurs staffeurs pl\u00e2triers patrimoine\" \/>\n<meta name=\"robots\" content=\"index, follow, max-snippet:-1, max-image-preview:large, max-video-preview:-1\" \/>\n<link rel=\"canonical\" href=\"https:\/\/sim-tailleur-pierre-notre-dame-paris-monuments-historiques.fr\/index.php\/tailleurs-pierre-monuments-historiques\/\" \/>\n<meta property=\"og:locale\" content=\"fr_FR\" \/>\n<meta property=\"og:type\" content=\"article\" \/>\n<meta property=\"og:title\" content=\"SIM Paris 12 tailleurs pierre monuments historiques emploi int\u00e9rim\" \/>\n<meta property=\"og:description\" content=\"SIM tailleurs de pierre notre Dame de Paris monuments historiques emploi Paris 12 sculpteurs d\u00e9corateurs staffeurs pl\u00e2triers patrimoine\" \/>\n<meta property=\"og:url\" content=\"https:\/\/sim-tailleur-pierre-notre-dame-paris-monuments-historiques.fr\/index.php\/tailleurs-pierre-monuments-historiques\/\" \/>\n<meta property=\"og:site_name\" content=\"SIM PARIS\" \/>\n<meta property=\"article:modified_time\" content=\"2025-05-24T08:01:56+00:00\" \/>\n<meta name=\"twitter:card\" content=\"summary_large_image\" \/>\n<meta name=\"twitter:label1\" content=\"Dur\u00e9e de lecture estim\u00e9e\" \/>\n\t<meta name=\"twitter:data1\" content=\"2 minutes\" \/>\n<!-- \/ Yoast SEO plugin. -->","yoast_head_json":{"title":"SIM Paris 12 tailleurs pierre monuments historiques emploi int\u00e9rim","description":"SIM tailleurs de pierre notre Dame de Paris monuments historiques emploi Paris 12 sculpteurs d\u00e9corateurs staffeurs pl\u00e2triers patrimoine","robots":{"index":"index","follow":"follow","max-snippet":"max-snippet:-1","max-image-preview":"max-image-preview:large","max-video-preview":"max-video-preview:-1"},"canonical":"https:\/\/sim-tailleur-pierre-notre-dame-paris-monuments-historiques.fr\/index.php\/tailleurs-pierre-monuments-historiques\/","og_locale":"fr_FR","og_type":"article","og_title":"SIM Paris 12 tailleurs pierre monuments historiques emploi int\u00e9rim","og_description":"SIM tailleurs de pierre notre Dame de Paris monuments historiques emploi Paris 12 sculpteurs d\u00e9corateurs staffeurs pl\u00e2triers patrimoine","og_url":"https:\/\/sim-tailleur-pierre-notre-dame-paris-monuments-historiques.fr\/index.php\/tailleurs-pierre-monuments-historiques\/","og_site_name":"SIM PARIS","article_modified_time":"2025-05-24T08:01:56+00:00","twitter_card":"summary_large_image","twitter_misc":{"Dur\u00e9e de lecture estim\u00e9e":"2 minutes"},"schema":{"@context":"https:\/\/schema.org","@graph":[{"@type":"WebPage","@id":"https:\/\/sim-tailleur-pierre-notre-dame-paris-monuments-historiques.fr\/index.php\/tailleurs-pierre-monuments-historiques\/","url":"https:\/\/sim-tailleur-pierre-notre-dame-paris-monuments-historiques.fr\/index.php\/tailleurs-pierre-monuments-historiques\/","name":"SIM Paris 12 tailleurs pierre monuments historiques emploi int\u00e9rim","isPartOf":{"@id":"https:\/\/sim-tailleur-pierre-notre-dame-paris-monuments-historiques.fr\/#website"},"datePublished":"2021-05-16T07:40:34+00:00","dateModified":"2025-05-24T08:01:56+00:00","description":"SIM tailleurs de pierre notre Dame de Paris monuments historiques emploi Paris 12 sculpteurs d\u00e9corateurs staffeurs pl\u00e2triers patrimoine","breadcrumb":{"@id":"https:\/\/sim-tailleur-pierre-notre-dame-paris-monuments-historiques.fr\/index.php\/tailleurs-pierre-monuments-historiques\/#breadcrumb"},"inLanguage":"fr-FR","potentialAction":[{"@type":"ReadAction","target":["https:\/\/sim-tailleur-pierre-notre-dame-paris-monuments-historiques.fr\/index.php\/tailleurs-pierre-monuments-historiques\/"]}]},{"@type":"BreadcrumbList","@id":"https:\/\/sim-tailleur-pierre-notre-dame-paris-monuments-historiques.fr\/index.php\/tailleurs-pierre-monuments-historiques\/#breadcrumb","itemListElement":[{"@type":"ListItem","position":1,"name":"Accueil","item":"https:\/\/sim-tailleur-pierre-notre-dame-paris-monuments-historiques.fr\/"},{"@type":"ListItem","position":2,"name":"Les m\u00e9tiers"}]},{"@type":"WebSite","@id":"https:\/\/sim-tailleur-pierre-notre-dame-paris-monuments-historiques.fr\/#website","url":"https:\/\/sim-tailleur-pierre-notre-dame-paris-monuments-historiques.fr\/","name":"SIM PARIS","description":"Recrutement placement Paris 12","potentialAction":[{"@type":"SearchAction","target":{"@type":"EntryPoint","urlTemplate":"https:\/\/sim-tailleur-pierre-notre-dame-paris-monuments-historiques.fr\/?s={search_term_string}"},"query-input":{"@type":"PropertyValueSpecification","valueRequired":true,"valueName":"search_term_string"}}],"inLanguage":"fr-FR"}]}},"_links":{"self":[{"href":"https:\/\/sim-tailleur-pierre-notre-dame-paris-monuments-historiques.fr\/index.php\/wp-json\/wp\/v2\/pages\/21113","targetHints":{"allow":["GET"]}}],"collection":[{"href":"https:\/\/sim-tailleur-pierre-notre-dame-paris-monuments-historiques.fr\/index.php\/wp-json\/wp\/v2\/pages"}],"about":[{"href":"https:\/\/sim-tailleur-pierre-notre-dame-paris-monuments-historiques.fr\/index.php\/wp-json\/wp\/v2\/types\/page"}],"author":[{"embeddable":true,"href":"https:\/\/sim-tailleur-pierre-notre-dame-paris-monuments-historiques.fr\/index.php\/wp-json\/wp\/v2\/users\/1"}],"replies":[{"embeddable":true,"href":"https:\/\/sim-tailleur-pierre-notre-dame-paris-monuments-historiques.fr\/index.php\/wp-json\/wp\/v2\/comments?post=21113"}],"version-history":[{"count":26,"href":"https:\/\/sim-tailleur-pierre-notre-dame-paris-monuments-historiques.fr\/index.php\/wp-json\/wp\/v2\/pages\/21113\/revisions"}],"predecessor-version":[{"id":21214,"href":"https:\/\/sim-tailleur-pierre-notre-dame-paris-monuments-historiques.fr\/index.php\/wp-json\/wp\/v2\/pages\/21113\/revisions\/21214"}],"wp:attachment":[{"href":"https:\/\/sim-tailleur-pierre-notre-dame-paris-monuments-historiques.fr\/index.php\/wp-json\/wp\/v2\/media?parent=21113"}],"curies":[{"name":"wp","href":"https:\/\/api.w.org\/{rel}","templated":true}]}}